Convert 316b (base 12) to base 2.
1010100100011
What is -7208 (base 13) in base 8?
-36555
1100010111 (base 2) to base 6
3355
Convert 110100110010001 (base 2) to base 10.
27025
What is 11045 (base 6) in base 15?
6cb
What is -1680 (base 16) in base 10?
-5760
10011101010010 (base 2) to base 10
10066
-9766 (base 13) to base 2
-101001000110000
-10360 (base 9) to base 10
-6858
-1120334 (base 5) to base 15
-5e49
-3214 (base 7) to base 12
-7aa
What is -636 (base 8) in base 9?
-510
Convert -2d6c (base 14) to base 11.
-6123
-53146 (base 8) to base 9
-33305
a (base 16) to base 4
22
What is -15574 (base 8) in base 2?
-1101101111100
What is -490 (base 10) in base 13?
-2b9
Convert c1d (base 14) to base 12.
1463
-52ed (base 15) to base 8
-42214
Convert -17136 (base 10) to base 11.
-11969
Convert 1455 (base 7) to base 2.
1001000011
Convert 21111111 (base 4) to base 2.
1001010101010101
What is -2cd4 (base 15) in base 6?
-112401
-313 (base 12) to base 10
-447
What is -131003 (base 8) in base 10?
-45571
51 (base 10) to base 3
1220
Convert 1101100011 (base 2) to base 16.
363
2465 (base 10) to base 5
34330
Convert 1253 (base 10) to base 3.
1201102
What is -254 (base 9) in base 5?
-1321
What is 1531 (base 8) in base 10?
857
Convert -b414 (base 14) to base 5.
-1442421
Convert -26641 (base 9) to base 8.
-43143
What is -2101 (base 15) in base 6?
-52144
What is e2 (base 16) in base 7?
442
What is -141 (base 12) in base 5?
-1233
Convert -1054 (base 7) to base 16.
-17e
What is 14920 (base 10) in base 3?
202110121
Convert -2123 (base 6) to base 7.
-1260
Convert 11858 (base 11) to base 4.
10021223
Convert -862 (base 13) to base 15.
-657
Convert -11151 (base 6) to base 16.
-62b
What is 4474 (base 8) in base 16?
93c
-3034 (base 6) to base 7
-1645
Convert 28a5 (base 11) to base 16.
ea1
213020 (base 4) to base 3
10102202
Convert -17b7 (base 12) to base 11.
-2184
What is -424450 (base 6) in base 11?
-24107
Convert 2011 (base 14) to base 2.
1010101111111
Convert -102300301 (base 4) to base 14.
-20013
4126 (base 7) to base 5
21231
What is -2414 (base 7) in base 15?
-3e8
What is 3342 (base 5) in base 9?
574
What is -69b (base 12) in base 2?
-1111010111
d8 (base 14) to base 3
21001
Convert 3727 (base 8) to base 15.
8dc
What is 7757 (base 8) in base 5?
112304
What is 223232 (base 5) in base 9?
11804
Convert 14524 (base 12) to base 9.
42851
Convert 344 (base 5) to base 4.
1203
Convert -5721 (base 9) to base 2.
-1000010000111
Convert -892 (base 13) to base 14.
-771
Convert -11120111 (base 3) to base 15.
-ec4
What is 23285 (base 9) in base 8?
36274
-13422 (base 5) to base 8
-2130
-307 (base 14) to base 16
-253
What is 253041 (base 7) in base 12?
23019
Convert -601 (base 7) to base 15.
-14a
What is 10001100 (base 2) in base 14?
a0
What is 1adc (base 14) in base 8?
11442
Convert 224 (base 7) to base 12.
98
What is 10101100100101 (base 2) in base 7?
44126
What is -138 (base 15) in base 10?
-278
What is 5d6a (base 16) in base 5?
1231124
2312 (base 4) to base 16
b6
What is 6553 (base 13) in base 7?
56044
What is ab1 (base 14) in base 13?
c69
What is 4084 (base 10) in base 8?
7764
What is -11b4 (base 13) in base 4?
-213101
What is 2400 (base 7) in base 11?
732
-1211020 (base 3) to base 12
-929
-12112 (base 5) to base 11
-755
What is -303 (base 6) in base 2?
-1101111
1a1 (base 14) to base 16
151
Convert 686 (base 9) to base 12.
3b0
What is -443201 (base 5) in base 15?
-4886
Convert df0 (base 16) to base 8.
6760
Convert -1036 (base 8) to base 6.
-2302
-121111001 (base 3) to base 5
-341031
What is 4861 (base 10) in base 16?
12fd
101111 (base 3) to base 6
1151
What is 526 (base 9) in base 16?
1ad
Convert 212 (base 6) to base 8.
120
What is 2217 (base 14) in base 10?
5901
30231 (base 4) to base 16
32d
-201212 (base 3) to base 11
-448
Convert 10823 (base 13) to base 4.
13103312
What is 30331 (base 4) in base 9?
1121
What is 1011010000111 (base 2) in base 11?
4373
Convert -903b (base 12) to base 13.
-713c
Convert -24c (base 14) to base 12.
-324
Convert -122000212 (base 3) to base 13.
-5861
What is -6a79 (base 12) in base 15?
-37d6
-13353 (base 6) to base 16
-825
-2210 (base 6) to base 7
-1326
What is -101201 (base 3) in base 7?
-562
724 (base 9) to base 4
21031
1041 (base 6) to base 5
1431
243323 (base 6) to base 15
658c
Convert 16b (base 16) to base 4.
11223
Convert 101000100 (base 2) to base 8.
504
110001110 (base 2) to base 8
616
Convert 487 (base 9) to base 13.
250
Convert 624 (base 7) to base 11.
264
133 (base 15) to base 4
10101
-1111101110 (base 2) to base 15
-471
What is -127 (base 15) in base 9?
-321
Convert 100010011 (base 2) to base 10.
275
What is 1120012 (base 3) in base 2?
10001110011
What is -51d (base 15) in base 7?
-3235
1001101100001010 (base 2) to base 13
150b1
-21221 (base 4) to base 13
-386
Convert -5185 (base 10) to base 14.
-1c65
19ea (base 15) to base 9
7634
Convert 450 (base 8) to base 15.
14b
Convert 3544 (base 9) to base 2.
101001001000
What is 1102212 (base 3) in base 5?
13144
Convert 521330 (base 6) to base 16.
a356
Convert -11005 (base 8) to base 7.
-16310
What is b226 (base 16) in base 9?
68503
Convert 4452 (base 6) to base 7.
3014
Convert 323202 (base 4) to base 5.
110220
-a9a (base 15) to base 9
-3251
111001111 (base 3) to base 14
367b
Convert 10001010011 (base 2) to base 9.
1460
Convert -2010332 (base 5) to base 16.
-7cdf
What is -11b0 (base 12) in base 10?
-2004
-514 (base 8) to base 13
-1c7
What is -111bb (base 14) in base 12?
-20041
Convert 2030212 (base 4) to base 16.
2326
-2933 (base 16) to base 7
-42515
What is f8 (base 16) in base 3?
100012
-22645 (base 8) to base 15
-2cc7
333441 (base 5) to base 12
696a
Convert -8c2 (base 16) to base 11.
-1759
What is -120000200 (base 3) in base 15?
-33a3
Convert -10140 (base 6) to base 9.
-1766
What is -13220 (base 4) in base 9?
-602
18712 (base 12) to base 5
2114312
-61141 (base 7) to base 13
-6997
What is -1544 (base 7) in base 5?
-4440
Convert -148d9 (base 14) to base 12.
-25727
Convert -1004 (base 7) to base 9.
-425
What is 101001010011 (base 2) in base 12?
1643
Convert -24c0 (base 13) to base 16.
-146a
What is -241340 (base 5) in base 6?
-105310
What is 10222 (base 3) in base 6?
255
101003 (base 4) to base 15
4cb
157 (base 13) to base 12
181
Convert 229 (base 14) to base 15.
1d9
5219 (base 10) to base 6
40055
What is -33e (base 15) in base 4?
-23132
aa9 (base 13) to base 15
81e
What is 11100 (base 6) in base 13?
921
What is 10010011011 (base 2) in base 4?
102123
Convert 231 (base 14) to base 6.
2003
What is -10132200 (base 4) in base 6?
-220520
-14304 (base 6) to base 7
-6424
183 (base 13) to base 14
15a
What is -1077 (base 10) in base 14?
-56d
Convert -221100012 (base 3) to base 16.
-4829
Convert 14564 (base 10) to base 9.
21872
What is 11110221 (base 4) in base 7?
120363
What is 11aa4 (base 11) in base 10?
17296
Convert 12212200 (base 3) to base 4.
1002330
What is -2221011 (base 4) in base 10?
-10821
Convert -2200111 (base 3) to base 2.
-11110100101
What is -2023032 (base 4) in base 12?
-51a6
What is 13674 (base 13) in base 6?
435513
30424 (base 5) to base 6
13113
Convert -2a88 (base 12) to base 15.
-1735
Convert -30044 (base 5) to base 11.
-1477
What is -42246 (base 7) in base 3?
-112022000
Convert -102211 (base 6) to base 10.
-8287
31 (base 8) to base 13
1c
Convert -410142 (base 5) to base 16.
-3374
What is 8eb (base 16) in base 5?
33113
c34 (base 14) to base 11
1890
8c1c (base 14) to base 8
57412
What is -476 (base 9) in base 13?
-243
What is 1479 (base 13) in base 12?
1879
-32374 (base 10) to base 2
-111111001110110
Convert b3 (base 14) to base 5.
1112
Convert -211250 (base 8) to base 4.
-101022220
-16d (base 15) to base 4
-11020
3322 (base 5) to base 2
111001110
What is -66 (base 13) in base 7?
-150
Convert -1110000 (base 3) to base 5.
-13203
Convert -100000210 (base 3) to base 14.
-2582
Convert -2a0 (base 12) to base 14.
-212
-43 (base 15) to base 7
-120
What is 128232 (base 9) in base 2?
10011000101110010
What is -1892 (base 12) in base 14?
-1138
What is -86 (base 15) in base 2?
-1111110
1857 (base 11) to base 2
100100111001
Convert -437 (base 9) to base 2.
-101100110
What is 21111 (base 3) in base 13?
127
What is -2200100 (base 3) in base 14?
-9d7
What is 3da (base 14) in base 5?
11110
aad4 (base 14) to